e units digit of z?
3
Suppose -4*k = 3*f + 2*f - 62, 5*f - 80 = 5*k. What is the tens digit of f?
1
Let l = 11 - 8. Suppose l*t - 164 = -t. What is the tens digit of t?
4
Let n(g) = -g**3 + 7*g**2 - 2*g + 1. Let x be n(5). Let f = -22 + x. What is the units digit of f?
9
Suppose f + 2*u = 73, -3*f + 4*f - 93 = 3*u. Let i = f + -42. What is the tens digit of i?
3
Suppose -1 = -z - 0. Suppose -k + 9 + z = 0. What is the tens digit of k?
1
Let h = -72 + 126. Suppose h = 4*p - p. What is the units digit of p?
8
Let w be (-12)/54 - (-2462)/(-18). Let r = -91 - w. What is the tens digit of r?
4
Suppose -195 = -8*c + 5*c. What is the units digit of c?
5
Suppose -2*t - 94 = -4*t. What is the tens digit of t?
4
Let l(n) = -n**3 + 6*n**2 + 3*n - 7. What is the units digit of l(6)?
1
Let x(r) = -r**2 - 12*r - 13. Let l be x(-10). Let p = l - 1. What is the units digit of p?
6
Suppose -10*w - 176 = -14*w. What is the tens digit of w?
4
Let k(c) be the second derivative of -7/6*c**3 + 0 + 1/6*c**4 + 2*c**2 + c. What is the units digit of k(4)?
8
Let q(x) = -x**2 + 5*x. Let t be q(4). Suppose 4*n + 0*n - 52 = -y, -4*y + 52 = t*n. What is the units digit of n?
3
Let m(q) = q**3 - 4*q**2. Let o be m(3). What is the units digit of (-6)/o*3 + 32?
4
Let v(x) = x**3 + 3*x**2 + 2*x. Let h be v(-3). Let f = 2 - h. What is the units digit of f?
8
Suppose 0 = 2*j - 7 - 3. Suppose -4*s - 3*t + 5 - 21 = 0, 4*s - j*t = -16. Let h = 8 + s. What is the units digit of h?
4
Let o(n) = -n**2 + 10*n - 1. Let a = -29 + 38. What is the units digit of o(a)?
8
Let a be 78 - 4 - 2/(-2). Let o = 29 - a. Let p = -29 - o. What is the units digit of p?
7
Let a be (-5)/(1 + -2) + -1. Suppose -p - a = 0, 5*s = -4*p + 35 - 11. Let h = 12 - s. What is the units digit of h?
4
Let o = 8 + -28. Let p(v) = -3*v**2 + v + 8. Let t be p(-2). Let m = t - o. What is the tens digit of m?
1
Let f = 312 - 51. What is the tens digit of f?
6
What is the units digit of 9*10*1/2?
5
What is the tens digit of (-26)/(-14) - 2 - (-1107)/7?
5
Let s(p) = -p**3 + 8*p**2 - 7*p - 4. Let r be s(7). Let t = -4 - r. Suppose 5*a - 40 + 0 = t. What is the units digit of a?
8
Let z(g) = -g**3 + 3*g**2 + 5*g - 1. Let m be z(4). What is the tens digit of (6/(-2))/m + 13?
1
Suppose -182 = -3*s - 5*f, -s - 120 = -3*s - 3*f. What is the tens digit of s?
5
Suppose -b + 7 = -0*b. Let o = 0 + b. What is the units digit of o?
7
Let j(z) = z**3 - 5*z**2 - 7*z + 9. Let i = -24 + 40. Suppose 2*k - 2*g - 28 = -6, k - 2*g = i. What is the units digit of j(k)?
3
Suppose 4 = -d, 0 = -4*y + 5*d - 18 + 142. What is the units digit of y?
6
Let p(f) = -f**3 + 4*f**2 - 2*f - 2. Let u be p(2). Let w be 2 + -3 + 7 - u. Suppose z = -2*g + 12, -3*g + w = -0*g + 5*z. What is the units digit of g?
8
What is the tens digit of -1*32/(-4)*7?
5
Suppose -5*o - 134 = -464. Suppose -3*t + 15 = -o. What is the units digit of t?
7
Let j be 4/3 - (-10)/15. Suppose j*b = 5*u - 69, 0*b = -4*u - 3*b + 69. Suppose -5*q = -u - 20. What is the units digit of q?
7
Let h = 869 + -593. What is the units digit of h?
6
Let l(c) = c + 2. What is the units digit of l(0)?
2
Suppose -1668 = -5*k - 7*k. What is the units digit of k?
9
Let d(l) = -l**3 - 7*l**2 - 6*l. Let w be d(-6). Suppose 0 = 2*g - x - 9, 2*x + 10 = -w*x. What is the units digit of g?
2
Let r = 3 - -10. Suppose 3*o + 14 = 5*o. Let v = r - o. What is the units digit of v?
6
Suppose 3*v + 2*s = 33, 4*v + 4*s = -s + 51. Let w = v - 5. What is the units digit of w?
4
Let g be 4/(-14) + (-235)/35. Let v = -36 + 54. Let w = v + g. What is the tens digit of w?
1
Let o = 7 - 24. Let c = 11 + o. Let k = 8 + c. What is the units digit of k?
2
Let g(v) be the first derivative of v**4/4 + 3*v**3 + 6*v - 2. What is the units digit of g(-9)?
6
Let s be 18 + -2 + -1 - -4. Suppose -30 = -u + s. What is the units digit of u?
9
Let p(w) = -w - 3. Let y be p(-7). Suppose -y*k = 5*d - 64, 4*d + 5*k = k + 48. What is the tens digit of d?
1
Let t(i) = i - 13. Let z be t(11). What is the units digit of -40*z/4 - -3?
3
Let g = 467 + -72. What is the hundreds digit of g?
3
Suppose -2*u = -4*t - 0*t - 362, -4*t + 12 = 0. What is the hundreds digit of u?
1
Let a(g) = g + 3. Let k be a(3). Let x = k + -3. Let u = 0 + x. What is the units digit of u?
3
Let j(t) = t - 8. Let r be j(7). Let w(m) = 3*m**3 - m**2 - m. Let c be w(r). Let l = 20 + c. What is the units digit of l?
7
Let i = 111 - 57. What is the units digit of i?
4
Suppose -38 = -4*s + 42. What is the units digit of s?
0
Let f(v) = 7*v**2 - 33*v + 17. What is the tens digit of f(7)?
2
Let u = 0 + 14. What is the units digit of u?
4
Let x be -1*(-2)/(-3)*-6. Let n = -2 + x. What is the units digit of n?
2
Let n(r) = r**3 + 5*r**2 - r - 3. Let p be n(-5). Let l = p - -12. What is the units digit of l?
4
Let p be (10/7)/(6/42). Let q = p - 2. Let k = q - 2. What is the units digit of k?
6
Let h(m) = -m**2 + 10*m - 3. Suppose -10 = 5*c - 7*c. What is the units digit of h(c)?
2
Let w(k) = -k**3 - 3*k**2 + k + 1. Let d be w(-4). Let j(b) = 12*b**2 + 2*b + 1. Let y be j(2). Suppose -5*z + y = d. What is the units digit of z?
8
Let l(y) = -y**2 - 2*y - 2. Let k be l(-3). Let f = 5 + k. Suppose -2*t - 5*x + 14 = f, t - 2*x = -t + 14. What is the units digit of t?
7
Let i be (-3)/(-2)*(-10)/(-3). Suppose 0 = i*z - 102 + 37. What is the tens digit of z?
1
Suppose -320 - 610 = -3*l. What is the units digit of l?
0
Let f(d) = d + 1. Let w be f(-1). What is the units digit of w/3 + 4 + 3?
7
Let c be (-58)/4 - 36/(-24). What is the tens digit of c*5/((-10)/6)?
3
Let p(f) = -1. Let u(b) = 12*b + 12. Let t(y) = -12*p(y) - u(y). What is the units digit of t(-3)?
6
What is the tens digit of -2*4/(-4) + 17?
1
Suppose -2*y = -7*y - 65. Let a be 3/6*(-1 - y). Suppose -p - 35 = -a*p. What is the units digit of p?
7
Suppose 0 = x - q - 23, -5*q - 95 = x - 5*x. What is the units digit of x?
0
Let v = 8 - 3. Suppose 0 = -4*q + v - 13. What is the units digit of -1*(-1 + 0 + q)?
3
Let y = -11 - -21. Suppose 4*l = 2*f + y, 0 = 5*l + 3*f + f + 20. Suppose -14 = -2*q - l*q. What is the units digit of q?
7
Let s = -47 - -51. What is the units digit of s?
4
Let b = 518 - 218. What is the tens digit of b?
0
Let w = 6 - 5. What is the units digit of (-12)/(-30)*5/w?
2
Suppose 4*k + 2 = 126. Suppose -k = c - 3*j, j - 2 = 3. Let i = c - -22. What is the units digit of i?
6
Suppose -2*b + 1 - 9 = 0. Let f = 25 + -27. Let p = f - b. What is the units digit of p?
2
Suppose 0 = q + v - 162, -3*q + q + 322 = 3*v. Suppose -q = -0*y - 4*y. What is the tens digit of y?
4
Suppose 4*g - g - 279 = 0. Let l = g - 46. What is the units digit of l?
7
Let n(v) = v**3 + 6*v**2 + 3*v - 1. Let y be n(-5). Let c = -7 + y. Suppose 13 = c*l - 25. What is the tens digit of l?
1
Suppose -86 = -5*i + 49. What is the tens digit of i?
2
Let a(g) = 3*g - 4. Let y be a(-3). Let v = 22 + y. What is the units digit of v?
9
Suppose 3*d = 337 - 46. What is the units digit of d?
7
Let q = -65 - -96. Suppose 3*v - 5 = q. What is the units digit of v?
2
What is the units digit of 4 + 2 - 6/3?
4
Let j(k) = -k**2 + 26. Let t be j(0). Suppose 0*p = -3*z + p + 70, z - p = t. What is the units digit of (-75)/(-11) + 4/z?
7
Suppose 2*r = -2*r, -4*o = -3*r - 140. What is the tens digit of o?
3
Let v(x) = -x + 2. Let n be v(0). Suppose -q = -n*q + 4. What is the units digit of q?
4
Let r(l) = 7*l - 14. What is the tens digit of r(6)?
2
Suppose -4*y + 11 = c, -y = c + 2*c - 11. What is the units digit of c?
3
Suppose 562 = 4*o + 150. What is the tens digit of o?
0
Let j be 14*-1 - (2 - 5). Suppose -v - 74 = 5*z, -5*v + 31 = -2*z - 4*v. Let i = j - z. What is the units digit of i?
4
Let y = 0 - 4. What is the units digit of y*(9/6 - 2)?
2
Let w be -2 - (0 + -5)*2. Suppose -12 = 2*r - 4*q, -r - w = 3*q + 8. Let t = r - -16. What is the units digit of t?
6
Let o(z) = -z - 8. Let l be o(-7). Let s = l - -1. What is the units digit of s + (0 - 4/(-1))?
4
Let x(v) = v - 1. Let k be x(5). Suppose -5*g + 29 = 5*t - 21, -40 = -k*t + 3*g. What is the tens digit of t?
1
Let n(w) = w**3 + 3*w**2 + w. Let z(s) = s**3 - 4*s**2 + 2*s + 2. Let r be z(3). Let x be n(r). Suppose -x + 3 = f. What is the units digit of f?
2
Suppose 41 - 13 = 4*n. What is the units